957250079 prime?
True
Is 55701870299 a prime number?
True
Is 4731306709 a composite number?
True
Is 517580099 a prime number?
True
Is 2514075871 a composite number?
True
Is 16515498653 a prime number?
True
Is 2746912807 prime?
False
Is 2318146 a composite number?
True
Is 2996766307 prime?
False
Is 180593527 a prime number?
False
Is 1609228783 a prime number?
True
Is 3723341917 a composite number?
False
Is 1559149859 a prime number?
True
Is 926355221 a prime number?
False
Is 1344269051 prime?
False
Is 10041775973 a composite number?
True
Is 2699728697 a composite number?
True
Is 9380527953 composite?
True
Is 13578987 a composite number?
True
Is 943562881 composite?
False
Is 5037526957 a prime number?
True
Is 30905191 composite?
True
Is 6509264021 a prime number?
False
Is 25080361811 prime?
True
Is 144326131 composite?
False
Is 22578659759 composite?
False
Is 125410574743 prime?
True
Is 348691487 a composite number?
False
Is 4309778279 a prime number?
True
Is 6612510337 composite?
True
Is 539240201 a composite number?
False
Is 1545673369 composite?
True
Is 11810697763 prime?
True
Is 2822087311 a prime number?
True
Is 94854847 prime?
False
Is 11828707629 composite?
True
Is 6631723367 composite?
True
Is 1337710873 a composite number?
False
Is 350148283 composite?
True
Is 9162255514 a composite number?
True
Is 5836554469 a prime number?
True
Is 45205789 composite?
False
Is 63039726221 composite?
True
Is 400665259 composite?
True
Is 2345717837 a prime number?
False
Is 56103001 prime?
False
Is 1418003663 prime?
True
Is 812394893 prime?
False
Is 40997414 composite?
True
Is 16109358059 a prime number?
True
Is 99382303717 a composite number?
False
Is 208815912373 a prime number?
False
Is 1019624191 a composite number?
True
Is 13348684883 a prime number?
True
Is 277131137 a composite number?
True
Is 954497227 a composite number?
False
Is 2397780257 a composite number?
False
Is 4763339617 a composite number?
False
Is 2156585657 prime?
False
Is 4737049757 prime?
False
Is 2750413451 a composite number?
False
Is 388733299 a composite number?
False
Is 3716999599 composite?
True
Is 25709587 a composite number?
False
Is 641155087 a composite number?
False
Is 10191324191 a prime number?
True
Is 20822359297 a composite number?
False
Is 1940088743 a prime number?
True
Is 8049534359 a prime number?
True
Is 5808708929 a prime number?
False
Is 79456598377 a prime number?
False
Is 76859128201 composite?
False
Is 4760585273 composite?
True
Is 1302417313 composite?
False
Is 129847681 composite?
True
Is 101344790553 composite?
True
Is 4910144951 prime?
True
Is 1833535373 a prime number?
False
Is 1811318738 a prime number?
False
Is 637732133 a composite number?
True
Is 35760763057 prime?
True
Is 16487322757 a prime number?
True
Is 259868561 composite?
False
Is 1330310551 prime?
False
Is 844782611 composite?
False
Is 1667052119 composite?
False
Is 404761661 a prime number?
False
Is 2568678173 a prime number?
False
Is 2633931229 a composite number?
True
Is 267698593 prime?
False
Is 6025987311 a prime number?
False
Is 8044667 prime?
True
Is 1449748043 composite?
False
Is 64040611007 prime?
True
Is 2111524427 composite?
False
Is 2702514461 a prime number?
True
Is 20514790961 a prime number?
False
Is 142781123 a composite number?
True
Is 226248593 composite?
False
Is 301262999 composite?
False
Is 93179103949 a prime number?
False
Is 55971388381 composite?
False
Is 439652121 a prime number?
False
Is 56124190313 a composite number?
False
Is 2093561986 prime?
False
Is 12697565611 a prime number?
True
Is 724535209 prime?
True
Is 137526490043 composite?
True
Is 2388092547 a prime number?
False
Is 583863299 a prime number?
False
Is 185366099327 a prime number?
True
Is 296636426 composite?
True
Is 42154572139 prime?
True
Is 773406397 composite?
True
Is 156218809 a prime number?
True
Is 28325475473 composite?
True
Is 8708689313 composite?
False
Is 6124030187 a prime number?
False
Is 96086251 a prime number?
False
Is 81711751 prime?
False
Is 477452267 a composite number?
False
Is 8741186413 a composite number?
True
Is 87094612901 prime?
False
Is 14379289783 a composite number?
False
Is 9753675383 composite?
True
Is 8116261507 a composite number?
False
Is 23327232757 a prime number?
True
Is 2859522007 a composite number?
True
Is 6053242379 composite?
False
Is 1151153309 composite?
False
Is 4265401031 a composite number?
True
Is 1813383155 prime?
False
Is 14030541695 prime?
False
Is 8662073047 composite?
False
Is 72247569547 composite?
False
Is 30902088559 a prime number?
True
Is 140551189967 a composite number?
False
Is 8390996399 prime?
True
Is 674363621 a composite number?
False
Is 94146800093 prime?
True
Is 5792752087 composite?
True
Is 7219783847 composite?
True
Is 38872324682 a prime number?
False
Is 35475048001 composite?
False
Is 1196427385 composite?
True
Is 467683633 a composite number?
True
Is 1621093829 composite?
False
Is 4399570841 a prime number?
True
Is 7363736533 a composite number?
True
Is 15945954637 prime?
True
Is 275233547 composite?
False
Is 7509229811 a composite number?
True
Is 872896007 a composite number?
False
Is 4581777461 a composite number?
False
Is 1444035083 composite?
True
Is 4206613349 a prime number?
True
Is 115507211357 a composite number?
True
Is 2684824591 composite?
True
Is 27161929 a prime number?
False
Is 799696097 a composite number?
False
Is 5215024511 prime?
False
Is 187418940069 a composite number?
True
Is 324921301 a prime number?
True
Is 1823615113 a prime number?
False
Is 6853655513 composite?
False
Is 67856774053 a prime number?
False
Is 276770071405 a prime number?
False
Is 4235731147 composite?
True
Is 23850934249 a prime number?
True
Is 44821786007 a composite number?
False
Is 2052524423 composite?
False
Is 314729411 prime?
True
Is 2700430009 a composite number?
False
Is 14428831783 a prime number?
True
Is 1144028011 a prime number?
False
Is 1307613881 prime?
False
Is 1752403223 a composite number?
False
Is 34480515871 composite?
False
Is 91852799 a prime number?
True
Is 67120207445 prime?
False
Is 70862203703 a prime number?
True
Is 82531978891 prime?
False
Is 121500829 a prime number?
False
Is 382247861 composite?
True
Is 6656057497 a prime number?
True
Is 481411214513 a composite number?
False
Is 2410326755 composite?
True
Is 52016563 prime?
False
Is 1952689786 composite?
True
Is 2086141819 composite?
False
Is 4430576219 a composite number?
False
Is 74213490503 a prime number?
True
Is 27740087821 a composite number?
False
Is 3532822607 composite?
False
Is 289813528327 a composite number?
False
Is 1416205849 a composite number?
False
Is 13746489863 composite?
False
Is 42446371 a prime number?
False
Is 737443307 composite?
False
Is 839190913 prime?
False
Is 61948571 a prime number?
False
Is 24337488751 a composite number?
False
Is 11475578707 a composite number?
False
Is 606869047 a composite number?
False
Is 1433835257 composite?
False
Is 28854741299 a prime number?
True
Is 201696491 prime?
True
Is 2854982654 a prime number?
False
Is 24730096205 a composite number?
True
Is 269285267 composite?
True
Is 120908039134 a prime number?
False
Is 864595255 a composite number?
True
Is 866069689 composite?
True
Is 1282636549 prime?
True
Is 8767689089 a composite number?
True
Is 1453617563 a prime number?
True
Is 1946883 a prime number?
False
Is 12089748763 prime?
False
Is 338695081 a composite number?
False
Is 1464463201 a prime number?
False
Is 6702938843 a composite number?
False
Is 13817652773 a composite number?
True
Is 3547763071 composite?
True
Is 134196406 a composite number?
True
Is 262198891 prime?
False
Is 3993180497 composite?
True
Is 112459762 prime?
False
Is 580519699 prime?
True
Is 94340793389 a prime number?
True
Is 11877225089 prime?
True
Is 253860461 a prime number?
False
Is 31317520277 prime?
False
Is 8197374071 composite?
True
Is 2857965379 composite?
True
Is 19909203733 a composite number?
True
Is 141362813 composite?
True
Is 13374420031 a prime number?
False
Is 249385705121 a prime number?
False
Is 51125741 a prime number?
True
Is 4647269399 prime?
True
Is 452945893 a composite number?
True
Is 38352194687 prime?
True
Is 1939495069 a prime number?
False
Is 977956103 a composite number?
False
Is 2568098711 prime?
True
Is